ine s(-6).
6
Let s(x) = 32*x**2 - 123*x + 17. Let k(i) = 11*i**2 - 42*i + 6. Let p(t) = -17*k(t) + 6*s(t). Determine p(5).
5
Let n(m) = m**3 + 6*m**2 + 3*m + 6. Let r(c) = -3*c**3 - 66*c**2 + 2*c + 38. Let v be r(-22). Determine n(v).
-12
Suppose 3*t = 0, -3*y + 0*t - 2*t = -27. Let i be ((-3)/y)/((-3)/(-45)). Let w(z) = z + 6. Calculate w(i).
1
Let i(d) = d**2 - 2*d - 4. Let h be (-19)/7 + (-4)/14. Let c = h - -6. Give i(c).
-1
Let o(i) = -2*i**2 - 24*i - 16. Let c be 1/(((-130)/195)/((-44)/(-6))). Determine o(c).
6
Let n(v) be the first derivative of 5*v**2 - 3*v + 15. Let d(y) = 3*y - 1. Let c(h) = -7*d(h) + 2*n(h). What is c(-1)?
2
Let v(f) be the first derivative of f**3/3 + 13*f - 5. Suppose -2*g - 3 = -7. Let a = -2 + g. Give v(a).
13
Let t be (-4)/(-18) - 4/18. Let z(a) = 2*a - 3*a + 15 + 4 - 13. Determine z(t).
6
Let j = 59 + -58. Let l(n) = -5. Let y(x) = -x. Let o(a) = j*l(a) - y(a). Determine o(-4).
-9
Suppose 0 = -28*f + 23*f + 60. Let y(u) = 2*u**2 - 26*u + 27. Let c be y(f). Let d(q) = -q. Calculate d(c).
-3
Let n(y) = -y + 2. Let d be n(-5). Let b(q) be the first derivative of -q**2/2 + 6*q - 34. Give b(d).
-1
Let u be 5/(-3)*(7 - 682/55). Let x(a) = -a**3 + 9*a**2 - 3*a + 13. Calculate x(u).
-14
Let y(t) = -t**3 + 6*t**2 + t - 3. Let d be (-7)/((-21)/9) - -3. Determine y(d).
3
Suppose 3*g = 0, 3*l + 3*g = 4*g - 6. Let w = -32 + 34. Let r(x) = -3 + 3*x**w + 4*x - 4*x**2 + 2*x**2 + 6. Calculate r(l).
-1
Suppose 2*v = 1 + 11. Let d(u) be the third derivative of -u**6/360 + u**5/20 - u**4/8 - 4*u**2. Let y(w) be the second derivative of d(w). Calculate y(v).
-6
Let m(k) = 2*k**2 + k + 3. Let r = -204 - -201. Calculate m(r).
18
Suppose 2*t + 58 - 68 = 0. Let s(l) = -2*l + 16. Determine s(t).
6
Let w(x) = x**2 + 6*x + 2. Let d be w(-6). Let u(j) = 2*j**d + 4*j**2 - j**2 - 6*j**3 - 4*j**2. Let h be (-1)/((-1)/3*(-21)/7). Give u(h).
7
Let a(i) = -2*i - 12. Let l be a(-2). Let b = l + 8. Let p(v) = -3*v**2 + 3*v + 3. Let o(m) = m**2 - m - 1. Let j(r) = 4*o(r) + p(r). Determine j(b).
-1
Let z(w) = -w**3 + 5*w**2 - w - 3. Let m be z(5). Let j(o) be the second derivative of -8*o + 0 + 3/4*o**4 + 1/20*o**5 + 7/6*o**3 - 5/2*o**2. What is j(m)?
3
Let r = 86 + -37. Suppose 0 = 11*q - 4*q + r. Let w(o) = o**2 + 5 + 4*o + o + 3*o. What is w(q)?
-2
Let y(g) = g**3 - g**2 + 1. Suppose 5*h + 3*j = -2*j + 10, 5*h - 3*j - 2 = 0. Let l be y(h). Let a(w) = 7*w - 1. Give a(l).
6
Let i(o) = -11*o**3 + 2*o**2 - 2*o + 1. Let l(s) be the third derivative of -s**4/6 + s**3/6 + 9*s**2. Let w be l(0). Give i(w).
-10
Let m(i) be the first derivative of i**4/4 - 5*i**3/3 + 2*i**2 + 2*i + 28. Calculate m(2).
-2
Let t(a) = a**3 - 8*a**2 + 10*a. Let m(i) = 2*i**3 - 14*i**2 + 17*i. Let u(k) = -3*m(k) + 5*t(k). Give u(4).
-36
Let r(f) = 3*f**2 - f + 3. Let l(a) = 7*a**2 - 3*a + 7. Let g(c) = 2*l(c) - 5*r(c). Suppose 0*d = -d - 2*d. Determine g(d).
-1
Let q(g) = g**2 - 8*g - 6. Suppose -2*h + 7 = -11. Determine q(h).
3
Let i(a) = -15*a**3 + a - 1. Let u(w) = w**3 + w. Let r(g) = -i(g) - u(g). Give r(1).
13
Let z(i) = -i**2 + 7*i - 3. Let l(w) be the third derivative of -w**5/60 + w**4/8 + 13*w**3/6 - 6*w**2. Let r be l(5). Determine z(r).
9
Let k(u) = -u**3 + 2*u**2 + 5*u + 1. Let f(r) = r**3 + 10*r**2 - 12*r - 12. Let c be f(-11). Let a(g) = -2*g + 2. Let i be a(c). Give k(i).
-11
Let i(a) = 270*a**3 + a**2 - a + 1 + 1 + a**2 - 268*a**3 - 1. Determine i(-2).
-5
Let t be 70/(-140) - ((-14)/(-4) - -1). Let f(c) = -c**3 - 6*c**2 - 5*c - 7. Give f(t).
-7
Let i(k) = 5*k - 19. Let y(u) = -u + 4. Let c(t) = -i(t) - 4*y(t). Suppose 0*p - 4*p + 8 = 0. Give c(p).
1
Let r(f) = -3*f**2 + 88*f - 40. Let a(y) = y**2 - 31*y + 13. Let m(w) = 8*a(w) + 3*r(w). Calculate m(15).
-1
Let c(n) be the first derivative of -n**4/4 - 3*n**3 + 5*n**2 - 10*n - 77. Determine c(-10).
-10
Let x(h) = -h - 2. Suppose -2*u = c + 7, c + c = 3*u + 21. Suppose 4*m - 3*p = -3 + 1, c*p = 3*m. Let z be ((-12)/15)/(m/(-10)). Calculate x(z).
2
Let k(b) = -22*b**2 - 8*b. Let y(n) = -4*n**2 - 4*n**2 - n**2 - 3*n. Let v(f) = 5*k(f) - 12*y(f). Give v(-4).
-16
Let t(c) = -c - 33. Let j(h) = -h**3 - 14*h**2 - 25*h - 12. Let i(f) = f**3 - f**2 + 5*f - 12. Let a be i(0). Let q be j(a). Give t(q).
-33
Let j(n) = -1. Let y(k) = -2*k**2 - k + 2. Suppose -a = o - 3, -1 = -2*a + 3*a + 5*o. Suppose a - 3 = t. Let u(m) = t*y(m) + j(m). Calculate u(1).
-2
Let x = -10 + 14. Let a(n) = -3 - 3 + x*n - 6*n. Calculate a(5).
-16
Suppose -4*z + 35 = -61. Suppose t = -2*k, 3*k - 5*k + 5*t + z = 0. Let w(v) = -2*v - 1 + 2*v + v. Determine w(k).
1
Let y(o) be the third derivative of -o**4/24 + o**3/3 - 73*o**2 - 2. Give y(0).
2
Let b(m) be the first derivative of m**4/4 + 4*m**3/3 - 2*m**2 + 7*m + 1. Let d = 63 - 51. Suppose -2*w = -2 + d. What is b(w)?
2
Let i = -19 + 27. Suppose -i = -0*x - 2*x. Let f(s) = -s + 5. Let k(b) = -b + 10. Let p(c) = -5*f(c) + 2*k(c). Determine p(x).
7
Suppose 3*s = -4*n + 46, n = 3*s - n - 22. Let b(f) = -s*f + 8*f - 3*f**2 + 4 + f**2. Determine b(-3).
-8
Let y = -2 - -2. Suppose y = -c - 5*a - 11, -3*c + 0 = 5*a + 3. Let f(w) = -w - 3*w + 6 + 2*w. Give f(c).
-2
Let b(g) = 6*g + 1. Let s(f) = -3*f - 12. Let j be s(-5). Let w be -1*(5/20 - j/(-4)). Calculate b(w).
-5
Let m(h) = -3*h - 21. Let d be (3 - (-10)/4)/((-36)/72). Determine m(d).
12
Let w(d) = d + 7. Let c(a) = a**2 + 7*a - 3. Let s = -10 - -3. Let j be c(s). Let p be j*2*3/6. What is w(p)?
4
Let c be ((-21)/(-9))/(-7) + 96/18. Suppose 1 = 3*d - t, 5*d + 2*t + 5 = 3. Let k(v) = -v + d - v - 2. Determine k(c).
-12
Let b(v) = -5*v - 38. Let c be 154/(-33)*3/2. Give b(c).
-3
Let x be (3 - 2)*(-16)/4. Let q(w) be the second derivative of w**4/12 + 2*w**3/3 - 5*w**2/2 - 13*w. Determine q(x).
-5
Let n(d) = -d - 10. Suppose j - 3*w + 14 = 0, 3*w - 4 = 3*j + 26. Give n(j).
-2
Let f(i) = -3*i**2 + 1. Let x be f(-1). Let a = x + -2. Let c(j) = 3*j - 37*j**2 + 38*j**2 + 2*j + 5. Calculate c(a).
1
Let p(i) = -2*i**2 - i**3 + 0*i + 0*i - 1. Let c(h) = 3*h + 9. Let r = -45 + 41. Let m be c(r). Calculate p(m).
8
Suppose 5*k + k - 6 = 0. Let r = 2 + k. Let v(s) = -2*s**2 - s**3 + 2 + 1 - 2 + 0*s**r. What is v(-2)?
1
Let h(b) = -b**3 + 7*b**2 - b - 4. Let g(j) = j - 1. Let q(k) = -6*k + 6. Let r(p) = 5*g(p) + q(p). Let x be r(-6). Give h(x).
-11
Suppose -3*u = 4*n + 36, 15 = -u + 3*n + 16. Let w(a) = -a**3 - 7*a**2 + 10*a + 19. Determine w(u).
3
Let q(k) = 2*k + 3. Let b(h) = 33*h - 20. Let t be b(3). Let s = -82 + t. Calculate q(s).
-3
Let s(w) be the third derivative of -w**6/10 - w**5/60 + w**4/24 + w**3/6 - 8*w**2. Suppose 3*a - 6*z - 2 = -z, 0 = -4*a + 3*z - 1. Calculate s(a).
11
Let u = 56 + -49. Let l(r) = -1 + 2 - 5*r**2 - u*r**3 - 4*r - 2 + 6*r**3. Let k = -5 - -1. Calculate l(k).
-1
Suppose -i + 16 = 2*c, -4*c = -0*c - 3*i - 12. Let a(y) = c - 2*y + 4*y + 2*y - 3*y. Give a(6).
12
Let k be (-1)/(-4 + (-28)/(-8)). Let b(m) = 3*m**3 - m**2 + 5*m**2 - 2*m**3 - m + 0*m**k - 2. Determine b(-4).
2
Suppose 1 = -u + 3*r + 5, -u = 2*r - 24. Suppose 28*b + u = 24*b. Let l be b*(-3)/4 - -3. Let n(y) = y**3 - 6*y**2 - 2*y + 6. What is n(l)?
-6
Let b(k) = 2*k**3 - 3*k**2 - 2. Let d(r) = -r**3 + r**2 + r + 1. Let g(f) = 3*f + 2*f - f - f**2 + 6. Let i be g(5). Let m(x) = i*b(x) + d(x). Calculate m(3).
11
Suppose -m + 26*m = -150. Let c(s) = s**3 + 7*s**2 + 5*s - 1. Give c(m).
5
Let c(i) = -11*i**2 + i - 1. Let p(u) = 6*u - 13*u + 6*u**3 + 6*u. Let v be p(-1). Let s = -4 - v. What is c(s)?
-11
Suppose 69 = 15*v + 144. Let t(r) = r**2 + 6*r + 4. What is t(v)?
-1
Let l(s) = s**2 + 7*s - 7. Suppose -2*i - 4*r + 10 = 0, -r - 5 = -i - 4*r. Let z = -12 + i. What is l(z)?
-7
Let a(s) = 8*s - 4. Let n(u) = 29*u + 175. Let f be n(-6). Calculate a(f).
4
Let o(m) = -m**3 + 5*m**2 - 6*m + 5. Suppose 0 = 2*q - 23 - 7. Suppose -q*h + 18*h - 12 = 0. Calculate o(h).
-3
Let z(r) = -2 + r - 5*r + 3*r - 6 + 16. Give z(6).
2
Let n = 242 - 235. Let c(s) = -2*s - 9. Give c(n).
-23
Let c(f) = 2*f**2 - 4*f - 1. Let k = -12 + 2. Let i be (k/(-12))/(4/24). Suppose -i*t = 5*h, -3*t + 4*t + 3 = 0. Give c(h).
5
Let y(k) = -k**3 - 8*k**2 - 4*k + 1. Let x(l) = l**3 + 7*l**2 + 3*l - 1. Suppose -14 = 4*v + 10. Let m(q) = v*x(q) - 5*y(q). Calculate m(-3).
4
Let y = -11 + 7. Let q(n) be the first 